{"id":21,"date":"2016-01-08T17:26:49","date_gmt":"2016-01-08T17:26:49","guid":{"rendered":"http:\/\/oteromonzon.ch\/Massagen\/?page_id=21"},"modified":"2023-01-02T06:49:08","modified_gmt":"2023-01-02T06:49:08","slug":"fussreflexzonen-massage","status":"publish","type":"page","link":"http:\/\/www.oteromonzon.ch\/?page_id=21","title":{"rendered":"FUSSREFLEXZONEN-MASSAGE"},"content":{"rendered":"<p><span style=\"color: #808080;\"><strong>Diese Therapie nutzt die im Menschen vorhandene Regenerationskraft. Der Mensch spiegelt<\/strong> <strong>sich an den F\u00fcssen. Bestimmte Stellen am Fuss, Reflexzonen genannt, entsprechen bestimmten Bereichen im K\u00f6rper. Durch die gezielte Massage der Reflexzonen kann Einfluss auf unser ganzheitliches Befinden genommen werden und so zur Entspannung und Steigerung des ganzheitlichen Wohlbefindens eingesetzt werden.<\/strong><\/span><\/p>\n<p><span style=\"color: #808080;\"><strong>Vorteile einer Fussreflexzonen-Massage:<\/strong><\/span><\/p>\n<p><span style=\"color: #808080;\"><strong>\u2022 Ganzheitliche Behandlung<\/strong><\/span><br \/>\n<span style=\"color: #808080;\"><strong>\u2022 Schmerzlinderung <\/strong><\/span><br \/>\n<span style=\"color: #808080;\"><strong>\u2022 Wirksam bei vielen Beschwerden <\/strong><\/span><br \/>\n<span style=\"color: #808080;\"><strong>\u2022 Stressabbau und Entspannung <\/strong><\/span><br \/>\n<span style=\"color: #808080;\"><strong>\u2022 gut als allgemeine Gesundheitsvorsorge<\/strong><\/span><br \/>\n<span style=\"color: #808080;\"><strong>\u2022 Wohltat f\u00fcr m\u00fcde F\u00fcsse<\/strong><\/span><\/p>\n<p>&nbsp;<\/p>\n<p><a href=\"http:\/\/www.oteromonzon.ch\/wp-content\/uploads\/2016\/01\/Fussreflexzonenmassage.jpg\"><img loading=\"lazy\" decoding=\"async\" class=\"alignnone size-medium wp-image-22\" src=\"http:\/\/www.oteromonzon.ch\/wp-content\/uploads\/2016\/01\/Fussreflexzonenmassage-199x300.jpg\" alt=\"Fussreflexzonenmassage\" width=\"199\" height=\"300\" srcset=\"http:\/\/www.oteromonzon.ch\/wp-content\/uploads\/2016\/01\/Fussreflexzonenmassage-199x300.jpg 199w, http:\/\/www.oteromonzon.ch\/wp-content\/uploads\/2016\/01\/Fussreflexzonenmassage.jpg 200w\" sizes=\"auto, (max-width: 199px) 100vw, 199px\" \/><\/a><\/p>\n<p><span style=\"color: #808080;\"><strong>Fussreflexzonen-Massage (60 Min.) &#8230;&#8230;&#8230;&#8230;&#8230;&#8230;&#8230;&#8230;&#8230;&#8230;&#8230;&#8230;&#8230;&#8230;&#8230;&#8230;&#8230;&#8230;&#8230;&#8230;&#8230;&#8230;&#8230;&#8230;&#8230;&#8230;&#8230;. CHF 80.&#8211;<\/strong><\/span><\/p>\n<p>&nbsp;<\/p>\n","protected":false},"excerpt":{"rendered":"<p>Diese Therapie nutzt die im Menschen vorhandene Regenerationskraft. Der Mensch spiegelt sich an den F\u00fcssen. Bestimmte Stellen am Fuss, Reflexzonen genannt, entsprechen bestimmten Bereichen im K\u00f6rper. Durch die gezielte Massage der Reflexzonen kann Einfluss auf unser ganzheitliches Befinden genommen werden und so zur Entspannung und Steigerung des ganzheitlichen Wohlbefindens eingesetzt &#8230;<\/p>\n","protected":false},"author":1,"featured_media":0,"parent":8,"menu_order":0,"comment_status":"closed","ping_status":"closed","template":"","meta":{"footnotes":""},"class_list":["post-21","page","type-page","status-publish","hentry","column","twocol"],"_links":{"self":[{"href":"http:\/\/www.oteromonzon.ch\/index.php?rest_route=\/wp\/v2\/pages\/21","targetHints":{"allow":["GET"]}}],"collection":[{"href":"http:\/\/www.oteromonzon.ch\/index.php?rest_route=\/wp\/v2\/pages"}],"about":[{"href":"http:\/\/www.oteromonzon.ch\/index.php?rest_route=\/wp\/v2\/types\/page"}],"author":[{"embeddable":true,"href":"http:\/\/www.oteromonzon.ch\/index.php?rest_route=\/wp\/v2\/users\/1"}],"replies":[{"embeddable":true,"href":"http:\/\/www.oteromonzon.ch\/index.php?rest_route=%2Fwp%2Fv2%2Fcomments&post=21"}],"version-history":[{"count":7,"href":"http:\/\/www.oteromonzon.ch\/index.php?rest_route=\/wp\/v2\/pages\/21\/revisions"}],"predecessor-version":[{"id":177,"href":"http:\/\/www.oteromonzon.ch\/index.php?rest_route=\/wp\/v2\/pages\/21\/revisions\/177"}],"up":[{"embeddable":true,"href":"http:\/\/www.oteromonzon.ch\/index.php?rest_route=\/wp\/v2\/pages\/8"}],"wp:attachment":[{"href":"http:\/\/www.oteromonzon.ch\/index.php?rest_route=%2Fwp%2Fv2%2Fmedia&parent=21"}],"curies":[{"name":"wp","href":"https:\/\/api.w.org\/{rel}","templated":true}]}}